 - 85. What is the tens digit of f?
1
Let b(h) = -14*h**3 + h + 1. Let v be b(-1). Let i(p) = 2*p + 15. Let t be i(v). Let x = -15 + t. What is the units digit of x?
8
Let v(a) = 13*a + 4. Let t = 21 - 19. What is the tens digit of v(t)?
3
Suppose 4*z + 105 = -z. Let d = z - -14. What is the units digit of (12/28)/((-1)/d)?
3
Let c(o) = -3*o**3 - 11*o**2 + 13*o + 24. What is the units digit of c(-7)?
3
Let m be -1*(-10 - -3 - -2). Suppose -5*s = -4*o - 19 - 21, m*s = 2*o + 50. What is the units digit of (4/(-14))/(s/(-42))?
1
Let t be 0 - ((-2 - -2) + 4). Let k be (-40)/5*t/1. Suppose -5*i = -k - 3. What is the units digit of i?
7
Suppose 10*n + 55 = 275. Suppose -3*f + n + 152 = 0. Suppose f = 5*g - 3*k - 79, -4*k - 141 = -5*g. What is the tens digit of g?
2
Let t = -2 + 5. Suppose -t*j - 39 = -6*j. Let b = j + -9. What is the units digit of b?
4
Suppose -37*g + 10700 = 13*g. What is the units digit of g?
4
Let u be 6/(-33) - 46/(-11). Suppose 18 = -2*p + u*p. What is the units digit of p?
9
Suppose 3*i - b - 560 - 250 = 0, -i + 4*b = -259. Let r = i - 193. What is the tens digit of r?
7
Let y = 31 + 385. Suppose -12*q = -4*q - y. What is the tens digit of q?
5
Suppose 5*u + 4*q = -20, u + 2*q - 15 = 5*q. Suppose u = -7*v + 349 - 27. What is the tens digit of v?
4
Suppose -2*z + 5*s + 24 = 0, -2*z + 3*s + 14 = -z. Suppose z*x + 168 = 9*x. What is the tens digit of x?
2
Suppose 33 = -8*z + 5*z. Let h(w) = 2*w**2 + 21*w - 6. Let n be h(z). Suppose -3*t + 146 = -n*d, -4*t + 4*d = -0*d - 200. What is the tens digit of t?
5
Suppose 7*d - 10405 = -192. What is the thousands digit of d?
1
Let l(d) = d**2 - 6*d. Let s be l(5). Let i(o) = o**2 - 3*o + 8. Let w(g) = 1. Let v(p) = s*w(p) + i(p). What is the units digit of v(4)?
7
Let t = 1127 - 751. Suppose 4*w = 2*n - 198, -3*n + t = -5*w + 78. What is the units digit of n?
1
Let i(u) = -4*u**2 - 2 - 37*u**3 - 31*u**3 + 67*u**3. What is the units digit of i(-6)?
0
Suppose -2*n + 3 = 19. Let z be 100/n*(-2)/5. Suppose 0 = 4*v - 3*d - 165, -z*v = -4*d - 60 - 146. What is the units digit of v?
2
Let g(w) = w**3 - 9*w**2 + 37*w - 20. What is the hundreds digit of g(10)?
4
Let c be (3 + 0)/((10/(-4))/(-5)). Suppose -7*a + c*a + 109 = 0. What is the tens digit of a?
0
Let k(o) = -2*o - 7*o + 2 + 6*o + 8. What is the units digit of k(3)?
1
Let w(j) = 36*j**2 - 81*j + 10. What is the tens digit of w(7)?
0
Suppose -10519 = 10*i - 36959. What is the units digit of i?
4
Let f(j) = 31*j + 192. What is the thousands digit of f(35)?
1
Let p = 27 - 54. Let o = p + 37. What is the units digit of o?
0
Suppose -3*i = -3*y + 3, -5*i = y + 4*y - 15. Suppose -y*v = 5*b - 713 + 106, -5*b + 5 = 0. What is the tens digit of v?
0
Let d = -2 + 3. Suppose -3*p + 21 = 4*i, -11 = 2*p - d. What is the tens digit of (-71)/(-3) - (-3)/i?
2
Let k = -86 - -87. What is the units digit of -3 - k/(1/(-12)) - 4?
5
Suppose 40 = n - 3*y + 6*y, n = 4*y + 75. Suppose -127 - n = -v. What is the units digit of v?
2
Let k(y) = -2*y**2 + 25*y - 29. Let x(g) = -2*g**2 + 24*g - 27. Let p(i) = 2*k(i) - 3*x(i). What is the units digit of p(16)?
3
Let i(l) = -4*l**3 - 2*l**2 - 10*l. What is the units digit of i(-8)?
0
Let v = 6186 - 3452. What is the hundreds digit of v?
7
Suppose 252 = 15*m - 11*m. What is the tens digit of (-1 + m/6)*2?
1
Let q be 4 - (1 - 2/2). Suppose v + q*a = 14, 22 = 5*v - 0*a + 4*a. Suppose 4*t = 5*t - v*m - 9, -m = -3*t + 32. What is the tens digit of t?
1
Let k(c) = 2*c**2 - 2*c**2 - 2 - 10 + c**2 - 6*c. Let w be (-55)/(-10)*(1 - -1). What is the units digit of k(w)?
3
What is the tens digit of (443 - 72) + -2*(-6)/4?
7
Let m be (-2)/(-12) + 231/18 + 2. What is the units digit of 2*3*(-3 + m + -6)?
6
Suppose -3*d = 3*g - 15, -5*g + 2 = -3. Suppose 0*a = d*a - 16. What is the units digit of a?
4
Let c = 18 - 25. Let r be (c - 2) + -2 + 3. Let a = 19 + r. What is the tens digit of a?
1
Suppose -7*j + 1942 = 563. What is the tens digit of j?
9
Suppose -1365 = -12*o + 1923. What is the hundreds digit of o?
2
Let o = -1802 - -3151. What is the tens digit of o?
4
Suppose 0 = -0*g - 3*g + 6. Suppose f = -2*n + 6*n + 80, g*f - n - 167 = 0. What is the tens digit of f?
8
What is the hundreds digit of ((-2)/1)/((-11)/7568)?
3
Let b be ((-141)/(-12))/(2/8). Let k = b - 29. What is the units digit of k?
8
Let z(b) = b**2 + 2*b - 21. What is the units digit of z(12)?
7
What is the tens digit of 5439/30 - 102/340?
8
Suppose 8 - 38 = 5*d. What is the units digit of (4/d)/((-20)/4470)?
9
Let j be 1*63*(-60)/(-45). Suppose -3*c + 2*v + j = 0, c + 5*v - 11 = -0*c. What is the units digit of c?
6
What is the units digit of 0 - (-2)/(-3) - (-1679)/3?
9
Let u(f) = -f**3 + 13*f**2 + 5*f + 30. What is the units digit of u(13)?
5
Suppose 220*t - 44 = 216*t. Suppose 9*n - t*n = -384. What is the units digit of n?
2
Let b be (1/1)/((-3)/(-6)). Suppose 7*z - 27 = 64. Suppose z = b*i - i. What is the tens digit of i?
1
Suppose j + 2*j = 48. Let o = 19 - j. Suppose -o*v + 172 = 5*s, 3*s - v + 2*v - 100 = 0. What is the units digit of s?
2
Let s be -1 - -9*(-1 + 2). Suppose 0 = 4*g - 8 - s. What is the units digit of g - (-4)/(-16)*0?
4
Let m(c) = 4*c**2 + 9*c - 5 + 6 + 3 - 5*c**2. What is the tens digit of m(8)?
1
Let q(o) = o - 1. Suppose 7*r = 2*r - 45. Let t be q(r). Let w = t - -22. What is the units digit of w?
2
Let q(a) = a. Let r(g) = -g**2 + 9*g + 20. Let i(n) = -4*q(n) - r(n). What is the hundreds digit of i(20)?
1
Let z(h) = h**2 - h. Let f(q) = -138*q**3 + 7*q**2 - 3*q - 3. Let g(a) = -f(a) + 6*z(a). What is the tens digit of g(1)?
3
Suppose 5*o + 212 = 5187. What is the hundreds digit of o?
9
Let k = 1117 - 637. Suppose 9*f - k = 3*f. What is the tens digit of f?
8
Let p(b) = 302*b + 30. Let q be p(2). Suppose -2*z + q - 110 = 0. What is the units digit of z?
2
Let n = 9 + -10. Let g be 19 + n/(3 - 2). Let w = 36 - g. What is the tens digit of w?
1
Let n(p) = p + 2. Let k be n(-11). Let i(d) = -d**2 - 8*d + 12. Let u be i(k). Suppose u*w = 2*x - 19, -3*w = 4*x + x - 58. What is the units digit of x?
1
Let u(a) = 29*a - 188. What is the tens digit of u(48)?
0
Let q = -982 - -1384. What is the tens digit of q?
0
Let k(g) = -g - 10. Let v be k(-10). Suppose 0 = -v*w - 4*w + 12. Suppose w*r + 3*r - 168 = 0. What is the units digit of r?
8
Let o be -1 + (12/(-4) - -31). Suppose -5*a = -2*h + o, -3*h + 0*a = 2*a - 12. What is the units digit of (3/h)/(6/324)?
7
Let d(a) be the third derivative of 5*a**4/12 + 2*a**3 - 18*a**2. What is the hundreds digit of d(18)?
1
Let w = -402 - -649. What is the tens digit of w?
4
Let s = -19 + 24. Let y be 4 + s*(-4 - -2). Let h(b) = -b**2 - 9*b - 5. What is the units digit of h(y)?
3
Suppose 0*d - 5 = -d. Suppose -w = -5*m - 39, d*m = 4*w - w - 107. Suppose -140 = -3*g - 4*i, -3*i - w = -g + 4. What is the tens digit of g?
4
Suppose -9*z - 1272 + 4449 = 0. What is the units digit of z?
3
Suppose -5*k - 3 = 3*a, 3*a = -a - 4. Suppose -5*m - 2*l = -602, 3*m + 5*l = -k*l + 365. What is the hundreds digit of m?
1
Suppose b + 2 = 10. Let m = 33 - b. What is the units digit of m?
5
What is the thousands digit of 48450/(-171)*30/(-4)?
2
Let u(h) = 2*h**2 + 53*h + 16. What is the tens digit of u(-37)?
9
Suppose -11*v + 45850 - 14357 = 0. What is the tens digit of v?
6
Let w(r) = r - 8. Let p be w(3). Let t be 273/(-35) - (-1)/p. Let m = t + 19. What is the tens digit of m?
1
Suppose 100*g - 6648 = -3*k + 95*g, 3*g + 2202 = k. What is the units digit of k?
1
Let m(z) = -z + 5. Let a be m(4). What is the units digit of ((-68)/(-28) + a)*7?
4
Suppose 2*c = -2*g + 2396, g - 5*g = 5*c - 5986. What is the thousands digit of c?
1
Let x(h) = -8*h + 6. What is the units digit of x(0)?
6
Let c = 52 - 43. Suppose -2015 = -4*a - c*a. What is the units digit of a?
5
Let p = 1033 - -527. What is the hundreds digit of p?
5
Let d(h) = -3*h**3 - 21*h**2 + 4*h + 17. What is the hundreds digit of d(-10)?
8
Suppose 5*p - 5445 = 5*o, -5*o - 993 + 3143 = 2*p. What is the thousands digit of p?
1
Let y(p) = -3*p**3 - 4*p**2 - 12*p + 1. What is the hundreds digit of y(-8)?
3
Suppose -5*p + 3*n - 146 + 7522 = 0, -n + 3 = 0. What is the thousands digit of p?
1
Let m(o) be the first derivative of -2*o**3/3 - 8*o**2 + 2*o + 7. Let x be m(-6).